 and r?
8
Let d = 32 + -7. Let a be -6 - (-48 + -90 - (-7)/1). Calculate the highest common factor of d and a.
25
Suppose 11*p = 14*p + 15, 0 = 5*x + 5*p - 5975. What is the highest common factor of x and 160?
80
Suppose 3*p = 3*y - 117, -10 = -2*p - 6. What is the highest common factor of 41 and y?
41
Let q = -49 - -174. Suppose -4*v = 3*h + v - q, -4*h + 159 = -v. Calculate the highest common factor of h and 5.
5
Suppose -175*g + 186*g - 1221 = 0. What is the greatest common factor of g and 259?
37
Let u be (0 - -1)*(4 - 35). Let l = u - -60. Suppose -t = -4*s + 699, 0 = -5*s + 5*t + 425 + 460. Calculate the highest common factor of l and s.
29
Let w = 9 - 22. Let i(p) = p. Let m(g) = g**3 + 13*g**2 + 4*g - 8. Let d(z) = -5*i(z) + m(z). Let h be d(w). Calculate the greatest common factor of h and 15.
5
Let p(f) = -f**2 + 6*f + 11. Let h be p(7). What is the highest common factor of h and 28?
4
Suppose -179*z + 264 = -167*z. Calculate the highest common factor of 649 and z.
11
Suppose 0 = -4*s, 41*s - 43*s + 21 = 3*k. Calculate the greatest common divisor of k and 11.
1
Let c(z) = -z**2 - 6*z - 2. Let l be c(-5). Suppose -4*v + v + 3*k = -69, -l*v + k + 63 = 0. Calculate the highest common divisor of v and 40.
20
Suppose p - 5*p = 440. Let w(j) = -2*j**2 - 2*j - 5. Let k be w(-5). Let m = k - p. What is the highest common divisor of 13 and m?
13
Let i = 139 - 133. Calculate the highest common factor of i and 105.
3
Let d be 0/4 - 3*37. Let x = d - -156. What is the highest common factor of 30 and x?
15
Let m = -533 + 722. What is the greatest common divisor of m and 315?
63
Let c = 93 + 55. Let o = c - 102. What is the highest common divisor of 23 and o?
23
Suppose 4*b = 6*b. Suppose 4*h - 6*h + 22 = b. Calculate the highest common divisor of 1 and h.
1
Suppose 2*h + 0 = 4. Let s be (6/(-4))/(h/(-28)). Let q(j) = j**2 - 398*j + 2359. Let v be q(6). Calculate the greatest common factor of v and s.
7
Let c = 1615 - 285. Suppose -6*s - s + c = 0. What is the highest common divisor of 76 and s?
38
Let x(l) = 8*l - 100. Let d be x(17). Calculate the greatest common divisor of d and 84.
12
Let z(c) = 3*c**2 + 10*c + 11. Let l be z(4). Let d(u) = -u**3 - 17*u**2 - 17*u - 7. Let g be d(-16). What is the greatest common factor of g and l?
9
Suppose -32 = -2*u - 2*u. Suppose t + m + 1 = 0, -4*t + 5*m + 2 = 3*m. Suppose t = 12*b - b - 968. Calculate the highest common factor of u and b.
8
Suppose 5*g - 3*g - 47 = -3*o, -58 = -4*o + 2*g. What is the greatest common divisor of 48 and o?
3
Let n(k) = -4*k**2 + 78*k + 6. Let m be n(19). What is the greatest common divisor of 704 and m?
44
Suppose -5*y + 2*q - 1 = -50, -2*q = 3*y - 23. Let z(r) = -6*r**2 - 15*r + 3. Let s be z(-2). What is the highest common divisor of y and s?
9
Suppose n + 1 = 6. Let q = 3 - 0. Suppose q = n*f - 2. Calculate the highest common factor of f and 11.
1
Suppose 0 = 4*y - 8, -2*y - 64 = -4*r. Let p = 202 + -49. Calculate the highest common factor of r and p.
17
Suppose -a - a + 52 = 0. Let h(u) = 10*u + 7. Let o(r) = 5*r + 3. Let d(x) = -6*h(x) + 15*o(x). Let f be d(5). What is the greatest common divisor of f and a?
26
Suppose 9*o + 1267 = 8827. What is the greatest common factor of 21 and o?
21
Suppose 2*r - 673 = 4*p - p, -3*r = 5*p - 1000. Let b be r - (3 - (-9)/(-3)). Let c = -173 + b. Calculate the highest common divisor of c and 18.
18
Let p = -37 + 22. Let o be ((-27)/6)/(p/40). Let s = 162 - 30. What is the highest common factor of s and o?
12
Let v = 994 - 987. What is the highest common divisor of v and 623?
7
Let f = 10 + 8. Suppose 2*y = -3*p - 3*y + 427, 0 = 5*p + y - 719. Calculate the highest common factor of f and p.
18
Suppose 2320 = -7*y + 12*y. What is the greatest common divisor of 64 and y?
16
Let r = -402 - -427. What is the highest common factor of 625 and r?
25
Suppose 22*p - 19*p - i - 209 = 0, 63 = p - 2*i. What is the greatest common divisor of 2130 and p?
71
Let g(j) = -4*j**3 + 4*j**2 + 7*j + 31. Let p be g(-4). What is the greatest common factor of p and 17?
17
Let p(k) = 3*k - 13. Let v be p(5). What is the greatest common factor of v and 134?
2
Let s be 6/4*(-2)/(-3). Let q be -5 + (-108)/(-6) + -6. Let g be (s - 1) + q + 4. Calculate the highest common divisor of g and 121.
11
Let k be 7/(49/(-231))*(-1)/3. Calculate the highest common divisor of 352 and k.
11
Suppose 0 = -7*o + 5*o + 2. Let m be (204/119)/(o/49). Suppose -w + m = w. What is the highest common factor of 14 and w?
14
Let x(q) = 0*q + 4*q**2 + 24 + 3*q - 3*q**2 + 2*q. Let a be x(-7). Calculate the greatest common divisor of 57 and a.
19
Let y(x) = x**3 + 6*x**2 + 3*x - 15. Let p be y(-3). Calculate the highest common factor of 15 and p.
3
Let h(c) be the third derivative of 7*c**4/24 + c**3/3 - 21*c**2. Let x be h(4). What is the highest common factor of x and 20?
10
Let l = -10 + 8. Let n be (374/55)/(l/10). Let f = n - -82. Calculate the greatest common divisor of f and 16.
16
Suppose -10*l = l - 176. Calculate the highest common divisor of l and 144.
16
Suppose 5 = -5*f, -2*n + 5*f + 28 = -197. Let g(r) = r**2 - 8*r - 11. Let j be g(11). What is the highest common divisor of j and n?
22
Let c(k) = -3*k**3 + 60*k**2 + 7*k - 44. Let l be c(20). What is the greatest common divisor of 132 and l?
12
Let o(u) = -9*u - 18. Let k be o(-8). Let r be (k/(-2))/(6/(-20)). Calculate the highest common factor of 60 and r.
30
Let y(r) = 2*r + 5. Let d be y(0). Suppose n - 5*b = 10, -d*b - 50 = -4*n - 10. What is the highest common factor of n and 25?
5
Suppose 3*x = 4 + 8, 0 = r - 4*x - 4. Let f = -7 - -19. Let o = f + -8. Calculate the greatest common divisor of o and r.
4
Suppose 30*n - 26*n - 363 = -5*w, 2*w - 144 = -2*n. Let s = 7 - -8. Calculate the greatest common factor of s and w.
15
Let b(m) = m + 2. Let y be b(3). Suppose 0*w - 1000 = -y*w. Calculate the highest common divisor of 80 and w.
40
Suppose o + 1 = -z, 0 = -2*o - 9*z + 4*z + 10. Let i = 5 + o. Let u be 12 + (-6)/(2 + i). What is the greatest common factor of 6 and u?
3
Suppose 4*k - 5 = -29. Let f(h) = -h**2 - 6*h - 1. Let g be f(k). Let y be -2*(0 + g + -22). What is the highest common factor of 23 and y?
23
Suppose 3 = -r - 2*w + 6*w, 3*w + 15 = -5*r. Let k be -2*(-7)/((-63)/186)*r. What is the greatest common divisor of k and 31?
31
Suppose 11*s - 13*s + 70 = -4*t, 4*t = 3*s - 97. Let u be (2 - -1)/3*3. Calculate the greatest common factor of s and u.
3
Suppose -4*o + 8 + 4 = 0. Suppose -2*j + 52 = 3*x, -5 = -o*x + 1. Let q = 47 - j. What is the highest common factor of q and 264?
24
Let d = 607 + -250. What is the highest common factor of d and 51?
51
Let t be 1/(253/126 + -2). Let r be ((-14)/(-8))/((-12)/32)*(-75)/25. What is the greatest common factor of t and r?
14
Suppose 2*n - 30 = n. Suppose 78 - 534 = -19*d. What is the greatest common divisor of d and n?
6
Let d(g) = -g**2 - 4*g - 1. Let r be d(-3). Suppose r*i + 2*c = 4*c + 110, -5*i - 5*c = -325. Calculate the greatest common factor of 40 and i.
20
Let j be (5 - (1 + -1)) + 99 + 1. What is the greatest common divisor of j and 42?
21
Suppose 150 = 5*g - 105. Suppose -9*l + 159 - g = 0. What is the highest common divisor of l and 240?
12
Let o = 5133 - 3654. Calculate the highest common divisor of o and 51.
51
Let l = 75 + -53. Suppose 5*h = -3*g + 761, -5*h - 3*g = -2*h - 453. What is the greatest common divisor of h and l?
22
Let v(l) = 27*l - 126. Let m be v(6). What is the highest common divisor of 72 and m?
36
Let c be ((-6)/(-7))/(9468/630 - 15). Calculate the greatest common divisor of c and 40.
10
Let p(o) = -o + 44. Let y = 6 + -6. Let n be p(y). Let j(w) = 9*w - 50. Let b be j(6). What is the greatest common factor of b and n?
4
Suppose -7*p + 323 = 12*p. Let y(g) = -g**3 + 7*g**2 - 2*g - 7. Let o be y(6). Calculate the highest common divisor of p and o.
17
Suppose -10 = 2*s - 4*f - 2, 0 = -s + f - 1. Suppose -5*p - c - c + 181 = 0, -p + s*c + 29 = 0. Let a = p - 21. What is the greatest common divisor of a and 98?
14
Let y = -13001 + 13019. Let f = 1 + 1. Suppose -f*k + 5 = -19. Calculate the highest common divisor of y and k.
6
Let h = 12422 - 12374. Suppose -2*m + 34 = 2*z + 3*m, 2*m - 16 = -z. Calculate the greatest common divisor of h and z